{"id":5148,"date":"2026-03-26T18:13:12","date_gmt":"2026-03-26T23:13:12","guid":{"rendered":"https:\/\/crebols.com\/?page_id=5148"},"modified":"2026-03-26T18:24:49","modified_gmt":"2026-03-26T23:24:49","slug":"valores","status":"publish","type":"page","link":"https:\/\/crebols.com\/?page_id=5148","title":{"rendered":"Valores"},"content":{"rendered":"\t\t<div data-elementor-type=\"wp-page\" data-elementor-id=\"5148\" class=\"elementor elementor-5148\" data-elementor-post-type=\"page\">\n\t\t\t\t<div class=\"elementor-element elementor-element-5edc5d8b e-flex e-con-boxed e-con e-parent\" data-id=\"5edc5d8b\" data-element_type=\"container\" data-e-type=\"container\">\n\t\t\t\t\t<div class=\"e-con-inner\">\n\t\t\t\t<div class=\"elementor-element elementor-element-3781decb elementor-widget elementor-widget-text-editor\" data-id=\"3781decb\" data-element_type=\"widget\" data-e-type=\"widget\" data-widget_type=\"text-editor.default\">\n\t\t\t\t\t\t\t\t\t\n<h4 style=\"text-align: justify;\"><img decoding=\"async\" class=\"size-full wp-image-5150 alignleft\" src=\"https:\/\/crebols.com\/wp-content\/uploads\/2026\/03\/valores.jpg\" alt=\"\" width=\"178\" height=\"194\" \/><span style=\"color: #999999;\">Son los deseos permanentes, la gu\u00eda de comportamiento individual y colectivo que orienta la acci\u00f3n institucional<\/span><\/h4>\n<h4 style=\"text-align: justify;\"><strong><span style=\"color: #999999;\">Respeto a las personas<\/span><\/strong><br \/><span style=\"color: #999999;\">Las actividades de CREBOLS se enmarcar\u00e1n <\/span><span style=\"color: #999999;\">al respeto a cada una de los integrantes de la <\/span><span style=\"color: #999999;\">organizaci\u00f3n, a su cultura, creencias y <\/span><span style=\"color: #999999;\">derechos y a la vez exigiendo responsabilidad <\/span><span style=\"color: #999999;\">en el cumplimiento de sus tareas.<\/span><\/h4>\n<h4 style=\"text-align: justify;\"><strong><span style=\"color: #999999;\">Productividad<\/span><\/strong><br \/><span style=\"color: #999999;\">Es indispensable permanecer en el mercado, <\/span><span style=\"color: #999999;\">lograr niveles \u00f3ptimos de productividad para lograr <\/span><span style=\"color: #999999;\">el desarrollo y crecimiento. La Empresa debe <\/span><span style=\"color: #999999;\">cumplir con sus obligaciones y responsabilidades <\/span><span style=\"color: #999999;\">para con sus proveedores, clientes y con el <\/span><span style=\"color: #999999;\">Estado.<\/span><\/h4>\n<h4 style=\"text-align: justify;\"><strong><span style=\"color: #999999;\">Calidad<\/span><\/strong><br \/><span style=\"color: #999999;\">Es la vida de la organizaci\u00f3n, una forma de <\/span><span style=\"color: #999999;\">conducta en cada actividad que se realice. <\/span><span style=\"color: #999999;\">Todos los integrantes de CREBOLS se <\/span><span style=\"color: #999999;\">regir\u00e1n por la CALIDAD pues ser\u00e1 su reto <\/span><span style=\"color: #999999;\">diario y permanente.<\/span><\/h4>\n<h4 style=\"text-align: justify;\"><strong><span style=\"color: #999999;\">Competitividad<\/span><\/strong><br \/><span style=\"color: #999999;\">Exige el conocimiento permanente del <\/span><span style=\"color: #999999;\">mercado, innovando constantemente, <\/span><span style=\"color: #999999;\">satisfaciendo las expectativas de los <\/span><span style=\"color: #999999;\">clientes y sus necesidades con un servicio <\/span><span style=\"color: #999999;\">de alta calidad<\/span><\/h4>\n<h4 style=\"text-align: justify;\"><strong><span style=\"color: #999999;\">Los Valores \u00c9ticos<\/span><\/strong><br \/><span style=\"color: #999999;\">El comportamiento de los miembros de la organizaci\u00f3ndebe basarse en los principios b\u00e1sicos de honestidad, justiciaintegridad estos deber\u00e1n ser respetados tanto a nivel interno como externo.<\/span><\/h4>\n\t\t\t\t\t\t\t\t<\/div>\n\t\t\t\t\t<\/div>\n\t\t\t\t<\/div>\n\t\t\t\t<\/div>\n\t\t","protected":false},"excerpt":{"rendered":"<p>Son los deseos permanentes, la gu\u00eda de comportamiento individual y colectivo que orienta la acci\u00f3n institucional Respeto a las personasLas actividades de CREBOLS se enmarcar\u00e1n al respeto a cada una de los integrantes de la organizaci\u00f3n, a su cultura, creencias y derechos y a la vez exigiendo responsabilidad en el cumplimiento de sus tareas. ProductividadEs [&hellip;]<\/p>\n","protected":false},"author":1,"featured_media":0,"parent":0,"menu_order":0,"comment_status":"closed","ping_status":"closed","template":"","meta":{"pmpro_default_level":"","footnotes":""},"class_list":["post-5148","page","type-page","status-publish","hentry","pmpro-has-access"],"_links":{"self":[{"href":"https:\/\/crebols.com\/index.php?rest_route=\/wp\/v2\/pages\/5148","targetHints":{"allow":["GET"]}}],"collection":[{"href":"https:\/\/crebols.com\/index.php?rest_route=\/wp\/v2\/pages"}],"about":[{"href":"https:\/\/crebols.com\/index.php?rest_route=\/wp\/v2\/types\/page"}],"author":[{"embeddable":true,"href":"https:\/\/crebols.com\/index.php?rest_route=\/wp\/v2\/users\/1"}],"replies":[{"embeddable":true,"href":"https:\/\/crebols.com\/index.php?rest_route=%2Fwp%2Fv2%2Fcomments&post=5148"}],"version-history":[{"count":10,"href":"https:\/\/crebols.com\/index.php?rest_route=\/wp\/v2\/pages\/5148\/revisions"}],"predecessor-version":[{"id":5160,"href":"https:\/\/crebols.com\/index.php?rest_route=\/wp\/v2\/pages\/5148\/revisions\/5160"}],"wp:attachment":[{"href":"https:\/\/crebols.com\/index.php?rest_route=%2Fwp%2Fv2%2Fmedia&parent=5148"}],"curies":[{"name":"wp","href":"https:\/\/api.w.org\/{rel}","templated":true}]}}